{"id":5889,"date":"2026-04-29T12:23:17","date_gmt":"2026-04-29T10:23:17","guid":{"rendered":"https:\/\/greenshipping-niedersachsen.de\/?post_type=tribe_events&#038;p=5889"},"modified":"2026-04-29T12:56:52","modified_gmt":"2026-04-29T10:56:52","slug":"antifouling-konferenz-auf-norderney","status":"publish","type":"tribe_events","link":"https:\/\/greenshipping-niedersachsen.de\/en\/calendar\/antifouling-konferenz-auf-norderney\/","title":{"rendered":"Save the Date &#8211; Antifouling Konferenz auf Norderney"},"content":{"rendered":"<div class=\"eventDetail__content\">\r\n<p>Die Antifouling\u2011Community kommt auch in diesem Jahr wieder auf Norderney zusammen! Vom <strong>01. bis 02. Oktober 2026<\/strong>\u00a0findet die\u00a0<strong>3. Antifouling Konferenz<\/strong>\u00a0statt \u2013 organisiert vom GreenShipping Kompetenzzentrum Niedersachsen in Zusammenarbeit mit dem Maritimen Cluster Norddeutschland e. V., dem Bundesamt f\u00fcr Seeschifffahrt und Hydrographie (BSH) sowie der Dr. Brill + Partner GmbH \u2013 Institut f\u00fcr Antifouling und Biokorrosion.<\/p>\r\n<p>Freuen Sie sich auf:<\/p>\r\n<ul>\r\n<li>Inspirierende Einblicke in innovative und umweltfreundliche Antifouling\u2011Strategien<\/li>\r\n<li>Fachvortr\u00e4ge von Expertinnen und Experten aus Wissenschaft, Wirtschaft und Verwaltung<\/li>\r\n<li>Eine exklusive Biofouling\u2011Exkursion zu Dr. Brill + Partner \u2013 inklusive Labor\u2011 und Pr\u00fcffeldbesichtigungen<\/li>\r\n<li>Austausch und Networking an besonderen Orten \u2013 unter anderem w\u00e4hrend einer Schifffahrt mit der \u201eFrisia XI\u201c<\/li>\r\n<li>Und ein abwechslungsreiches Rahmenprogramm<\/li>\r\n<\/ul>\r\n<p>Die Teilnahme ist kostenfrei, die Pl\u00e4tze sind jedoch begrenzt. Merken Sie sich den Termin daher schon jetzt vor!<\/p>\r\n<p>Ein wichtiger Hinweis: Die begrenzte Anzahl an Hotelzimmern f\u00fcr eine bis zwei \u00dcbernachtungen ist eine gr\u00f6\u00dfere Herausforderung, weshalb wir Ihnen empfehlen, sich Ihre Unterkunft zeitnah zu buchen. Aktuell steht bei der Jugendherberge D\u00fcnensender noch ein Zimmerkontingent f\u00fcr den Zeitraum vom 30.09. bis 03.10.2026 zur Verf\u00fcgung. Die Mindestmietdauer betr\u00e4gt allerdings 2 N\u00e4chte.<\/p>\r\n<p>Weitere Informationen zu Programm und Anreise folgen in K\u00fcrze!<\/p>\r\n<\/div>\r\n<p>&nbsp;<\/p>\r\n<p><strong><span style=\"color: #003366;\">Kontakt f\u00fcr R\u00fcckfragen<\/span><\/strong><\/p>\r\n<p>Violetta Arndt, MCN-Gesch\u00e4ftsstelle Niedersachsen<\/p>\r\n<p>\u200b04404 98786-13, <a href=\"mailto:violetta.arndt@maritimes-cluster.de\">violetta.arndt@maritimes-cluster.de<\/a><\/p>\r\n<p>&nbsp;<\/p>\r\n<p>ANMELDUNG<\/p>\r\n\n<div class=\"wpcf7 no-js\" id=\"wpcf7-f5894-o1\" lang=\"de-DE\" dir=\"ltr\" data-wpcf7-id=\"5894\">\n<div class=\"screen-reader-response\"><p role=\"status\" aria-live=\"polite\" aria-atomic=\"true\"><\/p> <ul><\/ul><\/div>\n<form action=\"\/en\/wp-json\/wp\/v2\/tribe_events\/5889#wpcf7-f5894-o1\" method=\"post\" class=\"wpcf7-form init\" aria-label=\"Kontaktformular\" novalidate=\"novalidate\" data-status=\"init\" data-trp-original-action=\"\/en\/wp-json\/wp\/v2\/tribe_events\/5889#wpcf7-f5894-o1\">\n<fieldset class=\"hidden-fields-container\"><input type=\"hidden\" name=\"_wpcf7\" value=\"5894\" \/><input type=\"hidden\" name=\"_wpcf7_version\" value=\"6.1.5\" \/><input type=\"hidden\" name=\"_wpcf7_locale\" value=\"de_DE\" \/><input type=\"hidden\" name=\"_wpcf7_unit_tag\" value=\"wpcf7-f5894-o1\" \/><input type=\"hidden\" name=\"_wpcf7_container_post\" value=\"0\" \/><input type=\"hidden\" name=\"_wpcf7_posted_data_hash\" value=\"\" \/>\n<\/fieldset>\n<p><label> Titel<br \/>\n<span class=\"wpcf7-form-control-wrap\" data-name=\"your-titel\"><input size=\"40\" maxlength=\"400\" class=\"wpcf7-form-control wpcf7-text\" aria-invalid=\"false\" value=\"\" type=\"text\" name=\"your-titel\" \/><\/span> <\/label>\n<\/p>\n<p><label> Vorname (Pflichtfeld)<br \/>\n<span class=\"wpcf7-form-control-wrap\" data-name=\"your-vorname\"><input size=\"40\" maxlength=\"400\" class=\"wpcf7-form-control wpcf7-text wpcf7-validates-as-required\" aria-required=\"true\" aria-invalid=\"false\" value=\"\" type=\"text\" name=\"your-vorname\" \/><\/span> <\/label>\n<\/p>\n<p><label> Nachname (Pflichtfeld)<br \/>\n<span class=\"wpcf7-form-control-wrap\" data-name=\"your-nachname\"><input size=\"40\" maxlength=\"400\" class=\"wpcf7-form-control wpcf7-text wpcf7-validates-as-required\" aria-required=\"true\" aria-invalid=\"false\" value=\"\" type=\"text\" name=\"your-nachname\" \/><\/span> <\/label>\n<\/p>\n<p><label> E-Mail-Adresse (Pflichtfeld)<br \/>\n<span class=\"wpcf7-form-control-wrap\" data-name=\"your-email\"><input size=\"40\" maxlength=\"400\" class=\"wpcf7-form-control wpcf7-email wpcf7-validates-as-required wpcf7-text wpcf7-validates-as-email\" aria-required=\"true\" aria-invalid=\"false\" value=\"\" type=\"email\" name=\"your-email\" \/><\/span> <\/label>\n<\/p>\n<p><label> Unternehmen (Pflichtfeld)<br \/>\n<span class=\"wpcf7-form-control-wrap\" data-name=\"your-unternehmen\"><input size=\"40\" maxlength=\"400\" class=\"wpcf7-form-control wpcf7-text wpcf7-validates-as-required\" aria-required=\"true\" aria-invalid=\"false\" value=\"\" type=\"text\" name=\"your-unternehmen\" \/><\/span> <\/label>\n<\/p>\n<p><span class=\"wpcf7-form-control-wrap\" data-name=\"acceptance-204\"><span class=\"wpcf7-form-control wpcf7-acceptance\"><span class=\"wpcf7-list-item\"><input type=\"checkbox\" name=\"acceptance-204\" value=\"1\" aria-invalid=\"false\" \/><\/span><\/span><\/span> Ich bin damit einverstanden, dass das Projekt GreenShipping Niedersachsen die von mir in das Anmeldeformular zur Veranstaltung eingegebenen Daten zum Zwecke der Organisation, Durchf\u00fchrung und Resonanzanalyse der Veranstaltung nach Ma\u00dfgabe dieses Datenschutzhinweises speichert und verarbeitet. (Pflichtfeld)\n<\/p>\n<p><span class=\"wpcf7-form-control-wrap\" data-name=\"checkbox-835\"><span class=\"wpcf7-form-control wpcf7-checkbox\"><span class=\"wpcf7-list-item first last\"><label><input type=\"checkbox\" name=\"checkbox-835[]\" value=\"Ich bin damit einverstanden, dass das Projekt GreenShipping Niedersachsen die von mir in das Anmeldeformular zur Veranstaltung eingegebenen Daten zur Aufnahme in eine Teilnehmerliste, die den anderen Veranstaltungsteilnehmern zug\u00e4nglich gemacht wird, nach Ma\u00dfgabe dieses Datenschutzhinweises speichert und verarbeitet.\" \/><span class=\"wpcf7-list-item-label\">Ich bin damit einverstanden, dass das Projekt GreenShipping Niedersachsen die von mir in das Anmeldeformular zur Veranstaltung eingegebenen Daten zur Aufnahme in eine Teilnehmerliste, die den anderen Veranstaltungsteilnehmern zug\u00e4nglich gemacht wird, nach Ma\u00dfgabe dieses Datenschutzhinweises speichert und verarbeitet.<\/span><\/label><\/span><\/span><\/span>\n<\/p>\n<p><span class=\"wpcf7-form-control-wrap\" data-name=\"acceptance-206\"><span class=\"wpcf7-form-control wpcf7-acceptance\"><span class=\"wpcf7-list-item\"><input type=\"checkbox\" name=\"acceptance-206\" value=\"1\" aria-invalid=\"false\" \/><\/span><\/span><\/span> Ich willige mit der Zurverf\u00fcgungstellung meiner personenbezogenen Daten ausdr\u00fccklich ein, dass die mit der Anmeldung zur Veranstaltung erhobenen personenbezogenen Daten \u2013 insbesondere Name, Anschrift, Telefonnummer, E-Mail-Adresse \u2013 von dem Veranstalter gespeichert sowie auch im Sinne der Kenntlichmachung gegen\u00fcber Dritten genutzt und weiterverarbeitet werden. Die Nutzung und Weiterverarbeitung (ggf. mit Weitergabe an Dritte) erfolgt ausschlie\u00dflich zur Erf\u00fcllung der Ziele des Projektes GreenShipping Niedersachsen.\n<\/p>\n<p>Ich nehme zugleich zur Kenntnis, dass mir gem. Art. 15 DSGVO ein jederzeitiges Auskunftsrecht \u00fcber die Speicherung, Nutzung und Weiterverarbeitung meiner Daten zusteht.\n<\/p>\n<p>Zugleich best\u00e4tige ich, dass ich von dem jederzeitigen Recht zur Berichtigung, L\u00f6schung und Sperrung der von mir zur Verf\u00fcgung gestellten personenbezogenen Daten gem\u00e4\u00df \u00a7 17 DSGVO Kenntnis erlangt habe. Auf mein Recht zum jederzeitigen Widerruf meiner Zustimmung zur Speicherung, Nutzung und Weiterverarbeitung der von mir zur Verf\u00fcgung gestellten personenbezogenen Daten bin ich ausdr\u00fccklich hingewiesen worden. (Pflichtfeld)\n<\/p>\n<p><span class=\"wpcf7-form-control-wrap\" data-name=\"acceptance-207\"><span class=\"wpcf7-form-control wpcf7-acceptance\"><span class=\"wpcf7-list-item\"><input type=\"checkbox\" name=\"acceptance-207\" value=\"1\" aria-invalid=\"false\" \/><\/span><\/span><\/span> Ich stimme zu, dass das Projekt GreenShipping Niedersachsen und andere Bereiche des GSN-Netzwerks von mir im Zuge von Webseminaren Foto-, Video- und Sprachaufnahmen anfertigen und ver\u00f6ffentlichen. Gleiches gilt f\u00fcr die von mir zur Verf\u00fcgung gestellten bzw. pr\u00e4sentierten fachlichen Inhalte. Die Ver\u00f6ffentlichung umfasst beispielsweise die Ver\u00f6ffentlichung auf Webseiten des Projekts GreenShipping Niedersachsen (auch externe Videoplattformen), Social-Media-Kan\u00e4le oder Pr\u00e4sentationsunterlagen. Die Einwilligung kann jederzeit mit Wirkung f\u00fcr die Zukunft widerrufen werden. Das Projekt GreenShipping Niedersachsen wird in diesem Fall Fotos, Videos und Inhalte, soweit technisch m\u00f6glich und zumutbar, aus Ver\u00f6ffentlichungen entfernen.\n<\/p>\n<p>Ich nehme zur Kenntnis, dass alle auf dieser Internetpr\u00e4senz und im Webinar verwendeten Texte, Fotos und grafischen Gestaltungen urheberrechtlich gesch\u00fctzt sind. Die Aufzeichnung, Vervielf\u00e4ltigung und Verbreitung\/Ver\u00f6ffentlichung der Inhalte des Webinars ist untersagt. Sollten Sie Inhalte oder Teile hiervon verwenden wollen, wenden Sie sich bitte an den Urheber oder Nutzungsberechtigten unmittelbar. (Pflichtfeld)\n<\/p>\n<p><input class=\"wpcf7-form-control wpcf7-submit has-spinner\" type=\"submit\" value=\"Anmelden\" \/>\n<\/p><div class=\"wpcf7-response-output\" aria-hidden=\"true\"><\/div>\n<input type=\"hidden\" name=\"trp-form-language\" value=\"en\"\/><\/form>\n<\/div>\n\r\n<p>&nbsp;<\/p>\r\n<p>&nbsp;<\/p>\r\n<h4>\u00a0<\/h4>\r\n<p>&nbsp;<\/p>\r\n<p>&nbsp;<\/p>\r\n<p>&nbsp;<\/p>\r\n<!-- \/wp:post-content -->\r\n\r\n<!-- wp:tribe\/event-links \/-->\r\n\r\n<!-- wp:tribe\/classic-event-details \/-->\r\n\r\n<!-- wp:tribe\/event-venue \/-->\r\n\r\n<!-- wp:tribe\/related-events \/-->","protected":false},"excerpt":{"rendered":"<p>Die Antifouling\u2011Community kommt auch in diesem Jahr wieder auf Norderney zusammen! Vom 01. bis 02. Oktober 2026\u00a0findet die\u00a03. Antifouling Konferenz\u00a0statt \u2013 organisiert vom GreenShipping Kompetenzzentrum Niedersachsen in Zusammenarbeit mit dem [&hellip;]<\/p>\n","protected":false},"author":3,"featured_media":0,"template":"","meta":{"_price":"","_stock":"","_tribe_ticket_header":"","_tribe_default_ticket_provider":"","_tribe_ticket_capacity":"0","_ticket_start_date":"","_ticket_end_date":"","_tribe_ticket_show_description":"","_tribe_ticket_show_not_going":false,"_tribe_ticket_use_global_stock":"","_tribe_ticket_global_stock_level":"","_global_stock_mode":"","_global_stock_cap":"","_tribe_rsvp_for_event":"","_tribe_ticket_going_count":"","_tribe_ticket_not_going_count":"","_tribe_tickets_list":"[]","_tribe_ticket_has_attendee_info_fields":false,"_tribe_events_status":"","_tribe_events_status_reason":"","footnotes":"","_tec_slr_enabled":"","_tec_slr_layout":""},"tags":[81,215,30,191],"tribe_events_cat":[],"class_list":["post-5889","tribe_events","type-tribe_events","status-publish","hentry","tag-antifouling","tag-bewuchs","tag-biofouling","tag-exkursion"],"ticketed":false,"_links":{"self":[{"href":"https:\/\/greenshipping-niedersachsen.de\/en\/wp-json\/wp\/v2\/tribe_events\/5889","targetHints":{"allow":["GET"]}}],"collection":[{"href":"https:\/\/greenshipping-niedersachsen.de\/en\/wp-json\/wp\/v2\/tribe_events"}],"about":[{"href":"https:\/\/greenshipping-niedersachsen.de\/en\/wp-json\/wp\/v2\/types\/tribe_events"}],"author":[{"embeddable":true,"href":"https:\/\/greenshipping-niedersachsen.de\/en\/wp-json\/wp\/v2\/users\/3"}],"version-history":[{"count":6,"href":"https:\/\/greenshipping-niedersachsen.de\/en\/wp-json\/wp\/v2\/tribe_events\/5889\/revisions"}],"predecessor-version":[{"id":5923,"href":"https:\/\/greenshipping-niedersachsen.de\/en\/wp-json\/wp\/v2\/tribe_events\/5889\/revisions\/5923"}],"wp:attachment":[{"href":"https:\/\/greenshipping-niedersachsen.de\/en\/wp-json\/wp\/v2\/media?parent=5889"}],"wp:term":[{"taxonomy":"post_tag","embeddable":true,"href":"https:\/\/greenshipping-niedersachsen.de\/en\/wp-json\/wp\/v2\/tags?post=5889"},{"taxonomy":"tribe_events_cat","embeddable":true,"href":"https:\/\/greenshipping-niedersachsen.de\/en\/wp-json\/wp\/v2\/tribe_events_cat?post=5889"}],"curies":[{"name":"wp","href":"https:\/\/api.w.org\/{rel}","templated":true}]}}

<div class="eventDetail__content">
<p>Die Antifouling‑Community kommt auch in diesem Jahr wieder auf Norderney zusammen! Vom <strong>01. bis 02. Oktober 2026</strong> findet die <strong>3. Antifouling Konferenz</strong> statt – organisiert vom GreenShipping Kompetenzzentrum Niedersachsen in Zusammenarbeit mit dem Maritimen Cluster Norddeutschland e. V., dem Bundesamt für Seeschifffahrt und Hydrographie (BSH) sowie der Dr. Brill + Partner GmbH – Institut für Antifouling und Biokorrosion.</p>
<p>Freuen Sie sich auf:</p>
<ul>
<li>Inspirierende Einblicke in innovative und umweltfreundliche Antifouling‑Strategien</li>
<li>Fachvorträge von Expertinnen und Experten aus Wissenschaft, Wirtschaft und Verwaltung</li>
<li>Eine exklusive Biofouling‑Exkursion zu Dr. Brill + Partner – inklusive Labor‑ und Prüffeldbesichtigungen</li>
<li>Austausch und Networking an besonderen Orten – unter anderem während einer Schifffahrt mit der „Frisia XI“</li>
<li>Und ein abwechslungsreiches Rahmenprogramm</li>
</ul>
<p>Die Teilnahme ist kostenfrei, die Plätze sind jedoch begrenzt. Merken Sie sich den Termin daher schon jetzt vor!</p>
<p>Ein wichtiger Hinweis: Die begrenzte Anzahl an Hotelzimmern für eine bis zwei Übernachtungen ist eine größere Herausforderung, weshalb wir Ihnen empfehlen, sich Ihre Unterkunft zeitnah zu buchen. Aktuell steht bei der Jugendherberge Dünensender noch ein Zimmerkontingent für den Zeitraum vom 30.09. bis 03.10.2026 zur Verfügung. Die Mindestmietdauer beträgt allerdings 2 Nächte.</p>
<p>Weitere Informationen zu Programm und Anreise folgen in Kürze!</p>
</div>
<p>&nbsp;</p>
<p><strong><span style="color: #003366;">Kontakt für Rückfragen</span></strong></p>
<p>Violetta Arndt, MCN-Geschäftsstelle Niedersachsen</p>
<p>​04404 98786-13, <a href="mailto:violetta.arndt@maritimes-cluster.de">violetta.arndt@maritimes-cluster.de</a></p>
<p>&nbsp;</p>
<p>ANMELDUNG</p>

<div class="wpcf7 no-js" id="wpcf7-f5894-o1" lang="de-DE" dir="ltr" data-wpcf7-id="5894">
<div class="screen-reader-response"><p role="status" aria-live="polite" aria-atomic="true"></p> <ul></ul></div>
<form action="/en/wp-json/wp/v2/tribe_events/5889#wpcf7-f5894-o1" method="post" class="wpcf7-form init" aria-label="Kontaktformular" novalidate="novalidate" data-status="init" data-trp-original-action="/en/wp-json/wp/v2/tribe_events/5889#wpcf7-f5894-o1">
<fieldset class="hidden-fields-container"><input type="hidden" name="_wpcf7" value="5894" /><input type="hidden" name="_wpcf7_version" value="6.1.5" /><input type="hidden" name="_wpcf7_locale" value="de_DE" /><input type="hidden" name="_wpcf7_unit_tag" value="wpcf7-f5894-o1" /><input type="hidden" name="_wpcf7_container_post" value="0" /><input type="hidden" name="_wpcf7_posted_data_hash" value="" />
</fieldset>
<p><label> Titel<br />
<span class="wpcf7-form-control-wrap" data-name="your-titel"><input size="40" maxlength="400" class="wpcf7-form-control wpcf7-text" aria-invalid="false" value="" type="text" name="your-titel" /></span> </label>
</p>
<p><label> Vorname (Pflichtfeld)<br />
<span class="wpcf7-form-control-wrap" data-name="your-vorname"><input size="40" maxlength="400" class="wpcf7-form-control wpcf7-text wpcf7-validates-as-required" aria-required="true" aria-invalid="false" value="" type="text" name="your-vorname" /></span> </label>
</p>
<p><label> Nachname (Pflichtfeld)<br />
<span class="wpcf7-form-control-wrap" data-name="your-nachname"><input size="40" maxlength="400" class="wpcf7-form-control wpcf7-text wpcf7-validates-as-required" aria-required="true" aria-invalid="false" value="" type="text" name="your-nachname" /></span> </label>
</p>
<p><label> E-Mail-Adresse (Pflichtfeld)<br />
<span class="wpcf7-form-control-wrap" data-name="your-email"><input size="40" maxlength="400" class="wpcf7-form-control wpcf7-email wpcf7-validates-as-required wpcf7-text wpcf7-validates-as-email" aria-required="true" aria-invalid="false" value="" type="email" name="your-email" /></span> </label>
</p>
<p><label> Unternehmen (Pflichtfeld)<br />
<span class="wpcf7-form-control-wrap" data-name="your-unternehmen"><input size="40" maxlength="400" class="wpcf7-form-control wpcf7-text wpcf7-validates-as-required" aria-required="true" aria-invalid="false" value="" type="text" name="your-unternehmen" /></span> </label>
</p>
<p><span class="wpcf7-form-control-wrap" data-name="acceptance-204"><span class="wpcf7-form-control wpcf7-acceptance"><span class="wpcf7-list-item"><input type="checkbox" name="acceptance-204" value="1" aria-invalid="false" /></span></span></span> Ich bin damit einverstanden, dass das Projekt GreenShipping Niedersachsen die von mir in das Anmeldeformular zur Veranstaltung eingegebenen Daten zum Zwecke der Organisation, Durchführung und Resonanzanalyse der Veranstaltung nach Maßgabe dieses Datenschutzhinweises speichert und verarbeitet. (Pflichtfeld)
</p>
<p><span class="wpcf7-form-control-wrap" data-name="checkbox-835"><span class="wpcf7-form-control wpcf7-checkbox"><span class="wpcf7-list-item first last"><label><input type="checkbox" name="checkbox-835[]" value="Ich bin damit einverstanden, dass das Projekt GreenShipping Niedersachsen die von mir in das Anmeldeformular zur Veranstaltung eingegebenen Daten zur Aufnahme in eine Teilnehmerliste, die den anderen Veranstaltungsteilnehmern zugänglich gemacht wird, nach Maßgabe dieses Datenschutzhinweises speichert und verarbeitet." /><span class="wpcf7-list-item-label">Ich bin damit einverstanden, dass das Projekt GreenShipping Niedersachsen die von mir in das Anmeldeformular zur Veranstaltung eingegebenen Daten zur Aufnahme in eine Teilnehmerliste, die den anderen Veranstaltungsteilnehmern zugänglich gemacht wird, nach Maßgabe dieses Datenschutzhinweises speichert und verarbeitet.</span></label></span></span></span>
</p>
<p><span class="wpcf7-form-control-wrap" data-name="acceptance-206"><span class="wpcf7-form-control wpcf7-acceptance"><span class="wpcf7-list-item"><input type="checkbox" name="acceptance-206" value="1" aria-invalid="false" /></span></span></span> Ich willige mit der Zurverfügungstellung meiner personenbezogenen Daten ausdrücklich ein, dass die mit der Anmeldung zur Veranstaltung erhobenen personenbezogenen Daten – insbesondere Name, Anschrift, Telefonnummer, E-Mail-Adresse – von dem Veranstalter gespeichert sowie auch im Sinne der Kenntlichmachung gegenüber Dritten genutzt und weiterverarbeitet werden. Die Nutzung und Weiterverarbeitung (ggf. mit Weitergabe an Dritte) erfolgt ausschließlich zur Erfüllung der Ziele des Projektes GreenShipping Niedersachsen.
</p>
<p>Ich nehme zugleich zur Kenntnis, dass mir gem. Art. 15 DSGVO ein jederzeitiges Auskunftsrecht über die Speicherung, Nutzung und Weiterverarbeitung meiner Daten zusteht.
</p>
<p>Zugleich bestätige ich, dass ich von dem jederzeitigen Recht zur Berichtigung, Löschung und Sperrung der von mir zur Verfügung gestellten personenbezogenen Daten gemäß § 17 DSGVO Kenntnis erlangt habe. Auf mein Recht zum jederzeitigen Widerruf meiner Zustimmung zur Speicherung, Nutzung und Weiterverarbeitung der von mir zur Verfügung gestellten personenbezogenen Daten bin ich ausdrücklich hingewiesen worden. (Pflichtfeld)
</p>
<p><span class="wpcf7-form-control-wrap" data-name="acceptance-207"><span class="wpcf7-form-control wpcf7-acceptance"><span class="wpcf7-list-item"><input type="checkbox" name="acceptance-207" value="1" aria-invalid="false" /></span></span></span> Ich stimme zu, dass das Projekt GreenShipping Niedersachsen und andere Bereiche des GSN-Netzwerks von mir im Zuge von Webseminaren Foto-, Video- und Sprachaufnahmen anfertigen und veröffentlichen. Gleiches gilt für die von mir zur Verfügung gestellten bzw. präsentierten fachlichen Inhalte. Die Veröffentlichung umfasst beispielsweise die Veröffentlichung auf Webseiten des Projekts GreenShipping Niedersachsen (auch externe Videoplattformen), Social-Media-Kanäle oder Präsentationsunterlagen. Die Einwilligung kann jederzeit mit Wirkung für die Zukunft widerrufen werden. Das Projekt GreenShipping Niedersachsen wird in diesem Fall Fotos, Videos und Inhalte, soweit technisch möglich und zumutbar, aus Veröffentlichungen entfernen.
</p>
<p>Ich nehme zur Kenntnis, dass alle auf dieser Internetpräsenz und im Webinar verwendeten Texte, Fotos und grafischen Gestaltungen urheberrechtlich geschützt sind. Die Aufzeichnung, Vervielfältigung und Verbreitung/Veröffentlichung der Inhalte des Webinars ist untersagt. Sollten Sie Inhalte oder Teile hiervon verwenden wollen, wenden Sie sich bitte an den Urheber oder Nutzungsberechtigten unmittelbar. (Pflichtfeld)
</p>
<p><input class="wpcf7-form-control wpcf7-submit has-spinner" type="submit" value="Anmelden" />
</p><div class="wpcf7-response-output" aria-hidden="true"></div>
<input type="hidden" name="trp-form-language" value="en"/></form>
</div>

<p>&nbsp;</p>
<p>&nbsp;</p>
<h4> </h4>
<p>&nbsp;</p>
<p>&nbsp;</p>
<p>&nbsp;</p>
<!-- /wp:post-content -->

<!-- wp:tribe/event-links /-->

<!-- wp:tribe/classic-event-details /-->

<!-- wp:tribe/event-venue /-->

<!-- wp:tribe/related-events /-->
